mmon divisor of n and k?
5
Suppose -21*r + v - 23 = -24*r, -3*r + 4*v = 2. Calculate the highest common divisor of 474 and r.
6
Suppose 12*p - 175 = 7*p. Suppose p = -2*y + 91. Calculate the greatest common divisor of y and 140.
28
Let d be ((-30)/(-18) + -6 + 3)*-333. What is the highest common factor of d and 12?
12
Let d = 222 + -174. Calculate the highest common factor of 64 and d.
16
Let s = 81 - 40. Suppose s + 109 = 5*v. What is the highest common divisor of v and 30?
30
Let o(z) = -11*z - 17. Suppose 2*k + 15 = 5. Let c be o(k). Calculate the highest common factor of c and 19.
19
Let s(i) = i**3 - 12*i**2 + 28*i + 8. Suppose 4*n + 2*j - 30 = 0, -3*n + 3*j - 9 = -45. Let m be s(n). Calculate the greatest common divisor of m and 51.
17
Let h(x) = -x**2 + 2*x + 17. Let w be h(0). Suppose 3 = 5*f - w. Calculate the greatest common divisor of f and 2.
2
Let x = -1369 + 2491. Suppose 5*n - x = -n. What is the greatest common divisor of 17 and n?
17
Suppose m - 4 + 0 = 0. Suppose -9*u = -4*u. Suppose m*w + u*w - 24 = 0. What is the highest common factor of 12 and w?
6
Let v be (-340)/(-16) - 10/40. Let o be 2 - 1*(0 + 1). Let y(a) = 167*a**3 + 2*a - 1. Let k be y(o). What is the highest common factor of k and v?
21
Suppose 142 = -5*m + 7*m - 3*h, 0 = -4*m + 4*h + 288. Let b(p) = p**3 + 16*p**2 + 3*p + 5. Let l be b(-15). Calculate the highest common divisor of l and m.
37
Let z(m) = 17 - m + 2*m - 8 - 3*m. Let r be z(-3). What is the highest common factor of r and 6?
3
Suppose s = 3*s - 18. Let y(z) = 3*z**2 - 24*z + 39. Let d be y(2). Calculate the greatest common divisor of d and s.
3
Suppose -3*a - 8 = -4*a. What is the greatest common factor of 8 and a?
8
Suppose -4*c + 4671 = 4291. What is the highest common divisor of 456 and c?
19
Let j be 56/(-16) + (12/(-8))/3. Let t = 0 - -2. Let h be (-1876)/(-8) + t/j. What is the highest common factor of h and 26?
26
Let u(z) = 173*z**3 + 3*z**2 - 2. Let r be u(1). Calculate the highest common divisor of 18 and r.
6
Let n(v) = -v**2 - 12*v - 31. Let i be n(-6). Suppose i*q + 36 = 7*q. Calculate the highest common divisor of q and 2.
2
Suppose -1887 = -5*p + 3*s, 4*s - 760 = -2*p - 0*s. What is the greatest common divisor of p and 14?
14
Let w = 596 - 318. Suppose 15*b = 3*b + 60. Suppose b*y + 28 - w = 0. Calculate the highest common divisor of y and 20.
10
Let a(z) = -184*z - 584. Let y be a(-8). Calculate the highest common factor of 24 and y.
24
Let d be (19 + -21)*(1 - 153). Calculate the greatest common divisor of d and 38.
38
Let j = 9 + 0. Let f = 97 - j. Let g be (0 + 12/16)*f. Calculate the highest common factor of 6 and g.
6
Suppose 85*m - 102*m + 510 = 0. Suppose -2*q - 3*q = -615. Let t = q + -48. Calculate the highest common divisor of m and t.
15
Suppose -69*p + 45*p + 3552 = 0. Calculate the greatest common factor of p and 370.
74
Let k = -28 + 38. Suppose 0 = z + z + 6, 0 = -t + 5*z + 11. Let b(f) = 3*f**2 + 3*f + 4. Let v be b(t). Calculate the highest common divisor of v and k.
10
Suppose -4*c = 24 - 56. Let m be (((-66)/c)/(-1))/((-6)/(-16)). What is the greatest common divisor of 2 and m?
2
Suppose 0*v = 4*v - 2*c - 42, -3*v + 5*c = -28. Let m be -4 + (1 - 2*-18). What is the greatest common divisor of m and v?
11
Let o = 139 + -91. Let q(t) = 2*t**2 - 8*t + 7. Let z be q(5). Let f = 33 - z. What is the greatest common divisor of o and f?
16
Suppose 2*l + 4 = 0, 3*v + 2*l - 26 - 18 = 0. Let n(q) = 0*q**3 + q**3 + 7*q - 16*q**2 + 5*q + 8. Let f be n(v). What is the highest common factor of f and 25?
25
Let a = 27 + -23. Suppose 0 = 5*f - a*f. Suppose w - 49 - 270 = f. Calculate the greatest common divisor of 29 and w.
29
Suppose 51 + 209 = 13*l. Calculate the greatest common divisor of l and 20.
20
Suppose -2*a - 2*l + 10 = -0*a, 5*a - 9 = 3*l. Suppose 4*v - 48 = -4*m, -v - 4*m = -a*v + 30. Calculate the greatest common divisor of v and 104.
13
Let i(s) = 2*s**2 + 3*s - 2. Let m be i(-6). Suppose -6*k + 2 = -m. Calculate the greatest common factor of 45 and k.
9
Suppose 0 = -2*p + 2*b + 38, -p + 91 = 4*p - 4*b. Let v = 5 + -5. Suppose v = -3*a - 6 + 51. What is the greatest common factor of p and a?
15
Suppose 3*t = -g - g + 132, 141 = 3*t + 5*g. What is the highest common factor of t and 357?
21
Let x(n) = -21*n**2 - 2*n + 1. Suppose 4*h = -3 - 5. Let a be x(h). Let b = a + 119. What is the greatest common divisor of 5 and b?
5
Let d be 1641 + 10/((-10)/(-3)). What is the greatest common divisor of 36 and d?
12
Let h(a) = -a. Let o be h(-5). Suppose 132 = o*p - p. Suppose 5*m - 49 = 2*m - 4*d, 5*d - 20 = 0. What is the greatest common divisor of m and p?
11
Let s(x) = 2*x**2 + x - 8. Let v be s(-4). Suppose 3*h = 8*h. Suppose 4*u + 5*w = 50, h*w + 4 = u - 3*w. Calculate the greatest common divisor of v and u.
10
Let i(v) = v**3 + 9*v**2 + 9*v + 23. Let u be i(-8). Calculate the greatest common divisor of 960 and u.
15
Suppose -4*u - 153 - 159 = 0. Let b = -28 - u. What is the highest common factor of 10 and b?
10
Suppose 2*w - 15*h = -13*h - 104, 208 = -4*w - h. Let u = 117 - 27. Let y = w + u. Calculate the greatest common divisor of 57 and y.
19
Let z = 2 + -1. Let w be (14 - -2)*(-38)/(-304). Calculate the greatest common divisor of w and z.
1
Let b(i) = i**3 - 17*i**2 + 4*i - 55. Let o be b(17). Calculate the greatest common factor of 117 and o.
13
Let d = 514 + -195. Let a = -42 - -71. What is the highest common factor of a and d?
29
Let v(y) = -y**3 + 19*y**2 + 11*y + 90. Let u be v(18). Calculate the greatest common factor of 68 and u.
68
Let s(j) = -j**2 + 8*j - 9. Let n be s(2). Let y(m) = -m + 1. Let a be y(-3). Suppose a*u + 0*u = 60. Calculate the highest common divisor of n and u.
3
Let i be (-60)/(-2 - (-2 - (-8)/12)). What is the greatest common factor of 30 and i?
30
Suppose 3*j = -7*x + 3*x + 39, -3*x = j - 23. What is the highest common factor of x and 8?
2
Let l(q) = -23*q - 183. Let a be l(-8). Calculate the highest common factor of a and 13.
1
Let u(n) = -4*n - 12. Suppose 0 = 4*l - 8 + 36. Let b be u(l). Calculate the greatest common divisor of b and 128.
16
Suppose 3*q + 0*q - 19 = -c, -59 = -4*c + 5*q. Suppose -5*f - c = -f. Let z be 2 - 31*(f + 3). Calculate the greatest common divisor of 11 and z.
11
Let r(b) = 156*b - 5. Let j be r(1). Suppose 0 = -k + j + 20. What is the highest common factor of k and 19?
19
Suppose 7*a - 56 = -a. Calculate the greatest common divisor of a and 301.
7
Let z be (-1)/2 + (-16)/(-32). Suppose 4*c + 4*q = -44, 4*c + 5*q + 18 + 23 = z. Let a be (-4658)/c - (-8)/28. Calculate the greatest common factor of 37 and a.
37
Let y(q) = q**3 + 9*q**2 + q - 17. Let v be y(-7). Let f = v + -29. Calculate the highest common divisor of 10 and f.
5
Let b(d) = -d - 3. Let k be b(-4). Let n be (432/45)/(k/10). Let h be 25/2*n/40. Calculate the greatest common factor of h and 6.
6
Let w be ((-18)/24)/(115/(-116) + 1). Let g = w - -131. What is the greatest common divisor of 11 and g?
11
Let b(h) = -3*h + 3*h**2 - 9*h**2 + 1 + 0*h - h**3. Let q be b(-5). Let m be 25/20 + q/(-12). What is the highest common factor of m and 4?
2
Let y be (-2541)/(-35) + (-3)/5. Calculate the greatest common divisor of 90 and y.
18
Let w be 0*2/(-4) - 10. Let j be w*((-65)/10 + 4). Calculate the highest common factor of j and 100.
25
Let t(j) be the third derivative of -j**6/120 - j**5/12 + j**4/24 + j**3/2 - 7*j**2. Let x be t(-6). What is the highest common factor of 22 and x?
11
Let j be 0 + 2 + 6/(-3). Suppose j = -7*w + 8*w - 17. Calculate the greatest common factor of w and 17.
17
Let v(c) be the first derivative of c**2/2 - 4*c - 5. Let l be v(7). Suppose 8*f - 70 = l*f. What is the highest common divisor of f and 126?
14
Let n be ((-5)/(-3))/(4 + (-13)/3). Let y be 3/n - (-4522)/70. Calculate the highest common factor of y and 4.
4
Let h be -8*(1 + -5 - -2). Let a(z) = -10*z**2 - 142*z - 12. Let k be a(-13). What is the greatest common factor of h and k?
16
Let n = 1512 + -1500. What is the greatest common divisor of 1 and n?
1
Suppose 102 = 6*s - 0*s. Let m be (-3)/1 + 4 + s. Calculate the highest common divisor of 234 and m.
18
Suppose 6*m - 2*m - 5*x + 10 = 0, 0 = 3*x - 6. Let k = m - -135. Calculate the greatest common factor of 27 and k.
27
